at are the prime factors of 3149647?
3149647
What are the prime factors of 1833295?
5, 373, 983
What are the prime factors of 7123217?
41, 71, 2447
What are the prime factors of 136288?
2, 4259
What are the prime factors of 7353378?
2, 3, 139, 2939
What are the prime factors of 7441965?
3, 5, 59, 2803
What are the prime factors of 40549?
23, 41, 43
List the prime factors of 2641888.
2, 82559
List the prime factors of 2019174.
2, 3, 336529
What are the prime factors of 3687207?
3, 43, 101, 283
List the prime factors of 738537.
3, 173, 1423
List the prime factors of 8121323.
7, 23, 73, 691
What are the prime factors of 3116133?
3, 19, 18223
What are the prime factors of 389658?
2, 3, 101, 643
What are the prime factors of 231168?
2, 3, 7, 43
What are the prime factors of 1593842?
2, 796921
List the prime factors of 3125126.
2, 149, 10487
What are the prime factors of 216485?
5, 29, 1493
List the prime factors of 353787.
3, 7, 17, 991
List the prime factors of 519333.
3, 17, 599
What are the prime factors of 14093942?
2, 29, 242999
List the prime factors of 274105.
5, 13, 4217
What are the prime factors of 1723282?
2, 11, 7121
List the prime factors of 8743812.
2, 3, 7, 11, 9463
List the prime factors of 11030391.
3, 408533
List the prime factors of 3464485.
5, 29, 23893
What are the prime factors of 8604018?
2, 3, 478001
List the prime factors of 221419.
11, 20129
What are the prime factors of 122372?
2, 30593
What are the prime factors of 3457922?
2, 13, 179, 743
List the prime factors of 1150610.
2, 5, 115061
What are the prime factors of 630431?
29, 21739
List the prime factors of 3610390.
2, 5, 7, 51577
List the prime factors of 476478.
2, 3, 103, 257
List the prime factors of 4286741.
107, 40063
List the prime factors of 2244314.
2, 1122157
List the prime factors of 2791413.
3, 269, 1153
What are the prime factors of 6359976?
2, 3, 7, 12619
What are the prime factors of 12272959?
12272959
List the prime factors of 2219313.
3, 739771
What are the prime factors of 353045?
5, 7, 11, 131
What are the prime factors of 9055204?
2, 2263801
What are the prime factors of 1814120?
2, 5, 7, 11, 19, 31
What are the prime factors of 1509083?
653, 2311
What are the prime factors of 5552544?
2, 3, 57839
List the prime factors of 1581264.
2, 3, 79, 139
What are the prime factors of 1413071?
11, 128461
What are the prime factors of 4067644?
2, 7, 53, 2741
What are the prime factors of 251257?
251257
What are the prime factors of 4857563?
17, 163, 1753
List the prime factors of 6934209.
3, 307, 7529
What are the prime factors of 268723?
7, 13, 2953
List the prime factors of 232011.
3, 13, 661
What are the prime factors of 161219?
263, 613
What are the prime factors of 7070578?
2, 3535289
List the prime factors of 6154296.
2, 3, 149, 1721
What are the prime factors of 6879551?
7, 31, 647
List the prime factors of 1123101.
3, 7, 17827
List the prime factors of 607863.
3, 202621
List the prime factors of 1632041.
1632041
What are the prime factors of 114761?
114761
What are the prime factors of 1297871?
19, 83, 823
List the prime factors of 180773.
180773
What are the prime factors of 2170216?
2, 271277
What are the prime factors of 120801?
3, 67, 601
List the prime factors of 1644631.
17, 89, 1087
What are the prime factors of 248996?
2, 11, 5659
List the prime factors of 2523298.
2, 1261649
List the prime factors of 2868200.
2, 5, 14341
What are the prime factors of 1399233?
3, 11, 109, 389
What are the prime factors of 10904829?
3, 13, 23, 12157
What are the prime factors of 19589081?
19589081
What are the prime factors of 237357?
3, 59, 149
What are the prime factors of 570661?
7, 13, 6271
What are the prime factors of 488486?
2, 244243
List the prime factors of 19551077.
7, 13, 181, 1187
What are the prime factors of 8894485?
5, 17, 269, 389
What are the prime factors of 1228148?
2, 17, 18061
List the prime factors of 2478964.
2, 619741
What are the prime factors of 30076450?
2, 5, 293, 2053
List the prime factors of 1054860.
2, 3, 5, 17581
List the prime factors of 132825.
3, 5, 7, 11, 23
What are the prime factors of 2993704?
2, 7, 1091
What are the prime factors of 575167?
73, 7879
What are the prime factors of 325754?
2, 11, 13, 17, 67
List the prime factors of 2108219.
239, 8821
List the prime factors of 11343320.
2, 5, 283583
List the prime factors of 748318.
2, 374159
What are the prime factors of 5705453?
13, 19, 23099
What are the prime factors of 465768?
2, 3, 6469
What are the prime factors of 3091889?
19, 162731
What are the prime factors of 454969?
454969
List the prime factors of 495367.
71, 6977
What are the prime factors of 96574?
2, 109, 443
List the prime factors of 28843262.
2, 7, 294319
List the prime factors of 361461.
3, 71, 1697
What are the prime factors of 995654?
2, 11, 167, 271
What are the prime factors of 710629?
199, 3571
List the prime factors of 1004670.
2, 3, 5, 61
List the prime factors of 38459770.
2, 5, 3845977
What are the prime factors of 22692544?
2, 7, 37
What are the prime factors of 1050915?
3, 5, 70061
List the prime factors of 346072.
2, 181, 239
What are the prime factors of 243152?
2, 7, 13, 167
List the prime factors of 727170.
2, 3, 5, 24239
What are the prime factors of 683121?
3, 227707
What are the prime factors of 3193930?
2, 5, 31, 10303
List the prime factors of 276470.
2, 5, 27647
What are the prime factors of 202934?
2, 101467
List the prime factors of 5519897.
53, 104149
What are the prime factors of 291473?
7, 13, 3203
List the prime factors of 7258741.
7, 19, 54577
What are the prime factors of 171023?
171023
What are the prime factors of 731619?
3, 7, 79
List the prime factors of 80102.
2, 11, 331
What are the prime factors of 6337230?
2, 3, 5, 211241
List the prime factors of 14149.
14149
List the prime factors of 274946.
2, 7, 41, 479
What are the prime factors of 491396?
2, 122849
List the prime factors of 2130242.
2, 19, 61, 919
List the prime factors of 620137.
7, 88591
What are the prime factors of 1744198?
2, 872099
List the prime factors of 9700136.
2, 1212517
What are the prime factors of 39958464?
2, 3, 7, 13, 2287
What are the prime factors of 29284983?
3, 7, 13, 29, 137
What are the prime factors of 4006722?
2, 3, 79, 107
What are the prime factors of 106374?
2, 3, 17729
What are the prime factors of 380390?
2, 5, 38039
List the prime factors of 520243.
47, 11069
List the prime factors of 253569.
3, 84523
What are the prime factors of 218482?
2, 11, 9931
What are the prime factors of 396775?
5, 59, 269
What are the prime factors of 1197489?
3, 399163
List the prime factors of 5653236.
2, 3, 61, 7723
What are the prime factors of 1347?
3, 449
What are the prime factors of 1508775?
3, 5, 20117
What are the prime factors of 872415?
3, 5, 19387
What are the prime factors of 21529?
21529
List the prime factors of 277133.
431, 643
What are the prime factors of 18593175?
3, 5, 173, 1433
List the prime factors of 111096.
2, 3, 1543
What are the prime factors of 38561?
38561
List the prime factors of 5145091.
7, 449, 1637
List the prime factors of 199913.
7, 28559
What are the prime factors of 358869?
3, 7, 23, 743
What are the prime factors of 562199?
11, 51109
What are the prime factors of 234145?
5, 46829
What are the prime factors of 416057?
563, 739
List the prime factors of 12796578.
2, 3, 79, 8999
What are the prime factors of 89447?
23, 3889
What are the prime factors of 23802?
2, 3, 3967
What are the prime factors of 40710?
2, 3, 5, 23, 59
What are the prime factors of 16512122?
2, 11, 281, 2671
What are the prime factors of 34564607?
7, 11, 23, 29, 673
What are the prime factors of 7341659?
13, 67, 8429
List the prime factors of 412414.
2, 19, 10853
What are the prime factors of 24280513?
109, 337, 661
What are the prime factors of 150376?
2, 18797
List the prime factors of 1439168.
2, 113, 199
What are the prime factors of 17753909?
449, 39541
List the prime factors of 21086200.
2, 5, 19, 31, 179
List the prime factors of 27630192.
2, 3, 109, 5281
List the prime factors of 960268.
2, 431, 557
List the prime factors of 694649.
694649
List the prime factors of 143164.
2, 7, 5113
What are the prime factors of 1468489?
11, 133499
List the prime factors of 593271.
3, 7, 43, 73
List t